112
In base 16, what is -14bf4b + -4f?
-14bf9a
In base 2, what is 11101110001001110100 - -101?
11101110001001111001
In base 6, what is 153112011 + 3?
153112014
In base 8, what is -5 + 511450?
511443
In base 9, what is 0 - -8430006?
8430006
In base 13, what is 567a64 - 0?
567a64
In base 5, what is 2 - -11122413412?
11122413414
In base 12, what is 36701843 + -5?
3670183a
In base 16, what is 2aec84 + c?
2aec90
In base 6, what is 11544212300 + 1?
11544212301
In base 12, what is -46 - -2241b6?
224170
In base 3, what is 212111110 + -20?
212111020
In base 5, what is 4342202 + -12?
4342140
In base 11, what is -4793 + -401a?
-8802
In base 8, what is -4632574 - -431?
-4632143
In base 12, what is 1 + 947822?
947823
In base 9, what is 7671782 - 23?
7671758
In base 6, what is -135022 - -144400?
5334
In base 13, what is 8 + -177944?
-177939
In base 13, what is -9 + 422141a?
4221411
In base 11, what is 2a1 - 5306a?
-52879
In base 10, what is 223 + -562705?
-562482
In base 3, what is 211111112210220 - -22?
211111112211012
In base 8, what is -11462375 + 33?
-11462342
In base 14, what is -144a1 - 2746?
-16c07
In base 13, what is 8b94b31 + -2?
8b94b2c
In base 16, what is -7e38c77 + -6?
-7e38c7d
In base 6, what is -220044 + 33054?
-142550
In base 2, what is -110000101111111 + 1111100010111?
-100001001101000
In base 6, what is -2252042552 - 4?
-2252043000
In base 11, what is 8386403 + 4?
8386407
In base 13, what is 179066c + -2?
179066a
In base 7, what is 2 - -61314316?
61314321
In base 10, what is -10 - -6069887?
6069877
In base 9, what is 5700 - 703?
4886
In base 4, what is -1003 + -11130213132?
-11130220201
In base 5, what is -320310 - -313?
-314442
In base 12, what is 14306 - 947?
1357b
In base 8, what is -425274 + 35?
-425237
In base 13, what is 79b + -c8?
6a3
In base 6, what is 52240111 - -3?
52240114
In base 8, what is -2 - 23217773?
-23217775
In base 5, what is 31401 - -40202?
122103
In base 14, what is b5a2da - -1c?
b5a318
In base 15, what is -7 + 342075?
34206d
In base 6, what is 413234325 + 51?
413234420
In base 7, what is 0 - -30324515?
30324515
In base 11, what is 210054419 + -3?
210054416
In base 14, what is -3246 + 20945?
1b6dd
In base 9, what is 20 - -4882641?
4882661
In base 11, what is a00173a - 13?
a001727
In base 6, what is 43052453040 + -2?
43052453034
In base 2, what is -10 + -101011001100111001010101?
-101011001100111001010111
In base 9, what is 2 - -16487718?
16487721
In base 5, what is -21 - -1411131?
1411110
In base 4, what is -20232231013 + 22?
-20232230331
In base 8, what is -141411165 - 5?
-141411172
In base 12, what is -112 - -1b3471?
1b335b
In base 3, what is 220221112 + -12221?
220201121
In base 8, what is -3574 + -60?
-3654
In base 16, what is 5 + 266df16?
266df1b
In base 3, what is 1110102021 - 2201?
1110022120
In base 4, what is 11222 + -22031312?
-22020030
In base 8, what is 22 - 3224503?
-3224461
In base 4, what is 11030212 - 1000?
11023212
In base 9, what is 14 + -12726347?
-12726333
In base 14, what is 26184 - -22c?
263b2
In base 16, what is -6f - 28a564?
-28a5d3
In base 13, what is 8341b6 + 3?
8341b9
In base 6, what is 4 - -10001412?
10001420
In base 7, what is -15034 - 114435?
-132502
In base 14, what is -1477 - 1563?
-29da
In base 9, what is 32 - -2314565?
2314607
In base 6, what is -1 + -43200412?
-43200413
In base 14, what is c670b40 + 0?
c670b40
In base 3, what is 1221200010 + 10011?
1221210021
In base 6, what is 415 - 10311534?
-10311115
In base 12, what is 15a7b672 + -5?
15a7b669
In base 10, what is -13028691 + 5?
-13028686
In base 10, what is -3018 - 769?
-3787
In base 5, what is 302100342 + -3?
302100334
In base 16, what is -1e + 52060c?
5205ee
In base 10, what is 301379 + 26?
301405
In base 6, what is 2 - 2142442323?
-2142442321
In base 2, what is -11011011101110000001 + 10001011?
-11011011101011110110
In base 14, what is 25dd + 44a2?
6aa1
In base 10, what is 1620158 + -67?
1620091
In base 10, what is -36272 + -1454?
-37726
In base 6, what is 221244440 + 3?
221244443
In base 15, what is 3e8e55 + d?
3e8e63
In base 2, what is -1 - 1101101001101011001100110?
-1101101001101011001100111
In base 5, what is -13444423121 + -12?
-13444423133
In base 11, what is 4a5001a7 + 4?
4a500200
In base 4, what is -33 - -3111311213?
3111311120
In base 16, what is 1074c + 121?
1086d
In base 5, what is -342 + -13111022?
-13111414
In base 5, what is -2030243311 + 11?
-2030243300
In base 4, what is 32121220120013 - 11?
32121220120002
In base 9, what is 80 + -58505?
-58415
In base 6, what is -4315 + -40355?
-45114
In base 16, what is 2 - 354a5c9?
-354a5c7
In base 15, what is -e + -8d9ca?
-8d9d9
In base 3, what is 12021221001221 + 10002?
12021221012000
In base 14, what is 1779890 + -2?
177988c
In base 9, what is 120417 + -102?
120315
In base 10, what is 25797 + 3643?
29440
In base 5, what is -40 + -1101320421?
-1101321011
In base 15, what is -b62e64 - -4?
-b62e60
In base 8, what is 1740033 - -12?
1740045
In base 4, what is -212121130011 + 31?
-212121123320
In base 15, what is -118a - 6ea0?
-813a
In base 3, what is 1110121101 - -101212?
1111000020
In base 4, what is -13 - -3320222320022?
3320222320003
In base 10, what is 0 - 720015?
-720015
In base 8, what is 3 - 20723251?
-20723246
In base 5, what is 3 + -234101430203?
-234101430200
In base 6, what is 42004 + 25335?
111343
In base 2, what is -1100100001011 - -1101001?
-1100010100010
In base 7, what is 25141 + -112506?
-54335
In base 3, what is -1121011 + -102102110?
-111000121
In base 16, what is 84 - 18e06c?
-18dfe8
In base 11, what is -149 - 2020881?
-2020a1a
In base 7, what is 640333 - -160?
640523
In base 12, what is b010 - 212?
a9ba
In base 15, what is -b + 5585d5?
5585c9
In base 2, what is -1100110 + -111001011001111100?
-111001011011100010
In base 7, what is 1 - -100346013?
100346014
In base 6, what is -222 + 5312244?
5312022
In base 16, what is -795348d0 - 0?
-795348d0
In base 15, what is 56 - -52d9?
5340
In base 16, what is -25767 + -1?
-25768
In base 14, what is -8 - 273914?
-27391c
In base 13, what is -422396 + 6?
-422390
In base 3, what is 1 - -12120012202200?
12120012202201
In base 7, what is 4013 - -616521?
623534
In base 8, what is -70 - 5611464?
-5611554
In base 13, what is -1 - 255a4058?
-255a4059
In base 15, what is -c04284 - 0?
-c04284
In base 6, what is 22000533 + 454?
22001431
In base 11, what is 160a53 + 87?
16102a
In base 4, what is 22 + 132111301121?
132111301203
In base 7, what is -5 + 11135505?
11135500
In base 12, what is -55 - 1383292?
-1383327
In base 7, what is -52342151 + -2?
-52342153
In base 9, what is -38447847 + 6?
-38447841
In base 12, what is 1318 + -49a?
a3a
In base 4, what is 22322301001 - -2031?
22322303032
In base 15, what is 0 + 6d21e49?
6d21e49
In base 8, what is 7335 + 7136?
16473
In base 2, what is 10000100110011101110011 + -11?
10000100110011101110000
In base 10, what is -476989 + -48?
-477037
In base 15, what is -b7 + -1220d?
-122c5
In base 9, what is -11884331 + -5?
-11884336
In base 15, what is -890 + 12394?
11a04
In base 16, what is -2a - 4fffb?
-50025
In base 12, what is 2 + -142a203?
-142a201
In base 6, what is 23332321 + -3452?
23324425
In base 5, what is 430404441 - 1?
430404440
In base 5, what is 3012202204 + 22?
3012202231
In base 7, what is 444433 - 11?
444422
In base 4, what is 1100223130330 - 0?
1100223130330
In base 2, what is 1010011110010011011110011 + 100?
1010011110010011011110111
In base 5, what is 41120122 + -42311?
41022311
In base 11, what is -150 + -756607?
-756757
In base 13, what is 380855a - 10?
380854a
In base 5, what is 3044 - -4033404?
4042003
In base 14, what is 34640 + -3c?
34602
In base 9, what is 1622 + -303510?
-301777
In base 15, what is -4 - -2dc0d6?
2dc0d2
In base 14, what is -514575 - 52?
-5145c7
In base 10, what is 275 + 1562872?
1563147
In base 14, what is 129134 + 14?
129148
In base 6, what is -1443225223 - -3?
-1443225220
In base 15, what is -2 + -1a9b85c?
-1a9b85e
In base 8, what is -4504351 + -26?
-4504377
In base 12, what is 17a + -59227?
-59069
In base 11, what is 51644 + -302?
51342
In base 2, what is -1011001001110 - 110010110110?
-10001100000100
In base 15, what is -65e - -1332?
bc3
In base 4, what is -323202322 + -221?
-323203203
In base 16, what is 5ee908 - -76?
5ee97e
In base 3, what is -20